st the prime factors of d.
2
Suppose 6*q + 54 = 3*q. What are the prime factors of (-12)/q + 1/3 - -23?
2, 3
Let j(f) = -3*f. Let k be j(-3). Suppose 0 = 4*y - y - k. Suppose 3*v + 4*d - 61 = 0, -y*d + 23 = -4*v + 146. List the prime factors of v.
3
Let l(u) = 7*u - 9. Let w(i) = 5*i - 12. Let q(p) = 2*l(p) - 3*w(p). Suppose 21 = 4*g - 27. List the prime factors of q(g).
2, 3
Let m(p) = 7 + 3*p**2 + 20*p + 5 - p**2 - 3*p**2. List the prime factors of m(14).
2, 3
Let u(b) = 2*b - 5*b + 2*b + 18. Let a(w) = w + 1. Let k be a(7). What are the prime factors of u(k)?
2, 5
Let s(q) = -q**3 - 11*q**2 + 4*q + 1016. List the prime factors of s(0).
2, 127
Suppose -4*a + 5*h = -655, h + 827 = 5*a + 3*h. Let l = a + -232. Let o = l - -103. What are the prime factors of o?
2, 3
Suppose 0*m - j = 4*m - 5, -4*j + 4 = 0. Let g be 0 + (-2 - m)*-1. Suppose q = 3*f - 29, 40 = g*f + 4*q - 9. List the prime factors of f.
11
Let s = -516 + 932. List the prime factors of s.
2, 13
Let l(f) = -f**3 + 11*f**2 - 7*f - 26. Let z be l(10). Suppose z*k = -k - g + 485, 0 = -2*k + 2*g + 182. What are the prime factors of k?
2, 3
Suppose -4*q - 2*j = -20, -5*q + 0*j + 5*j + 25 = 0. Let d(g) = -3*g**2 + 2*g - 1. Let l be d(q). Let i = 127 + l. List the prime factors of i.
61
Suppose 0*q + 3*h + 7 = -q, q - 14 = 4*h. Let m be q/4 - 511/(-14). Suppose 2*d = m + 77. What are the prime factors of d?
3, 19
Let m(y) = -y**3 - 4*y**2 + 4*y + 5. Let p be m(-5). Suppose -2*v + 14 + p = 0. Let o = 7 + v. What are the prime factors of o?
19
Suppose 4*n + 0*n = 20. Suppose 15 = n*q + 5*h, 5*q - q + 2*h = 22. Suppose -22 = -3*y + q. What are the prime factors of y?
2, 5
Let x be 16/28 - 1116/(-7). Suppose 2*k = 0, 5*g - 6*k - x = -2*k. What are the prime factors of g?
2
Let s(d) = -9*d + 8. Let v be s(4). Let b = -19 - v. List the prime factors of (3 - 1/1) + b.
11
Let r(g) = -79*g - 21. Let z be r(-4). Let s = z + -208. What are the prime factors of s?
3, 29
Let m = -45 - -907. What are the prime factors of m?
2, 431
What are the prime factors of (-3030)/(-30) + 3*-1?
2, 7
Suppose 43 = x + 29. Let s be 6/27 + 6/(-27). Suppose s = -2*o + x + 18. What are the prime factors of o?
2
Suppose -2*y - 1173 = -4*n + 3291, -5*n - y = -5566. List the prime factors of n.
2, 557
Let r be 5/20 + 3/(-12). Let l(b) = b**2 - b + 68. Let m be l(r). Suppose 0 = -6*s + 8*s - m. What are the prime factors of s?
2, 17
Suppose 13028 = 12*m - 820. List the prime factors of m.
2, 577
Suppose 12 = 4*k, 4*b + 0*k - 3*k = -9. Suppose -o = -b*o - 5. What are the prime factors of o?
5
Suppose 4*o - 2444 = 4*f, -3*o + 0*o = 4*f - 1833. List the prime factors of o.
13, 47
Suppose 3*k - 722 = -3*d - d, -2*k = -2*d + 354. What are the prime factors of d?
179
Let q(r) = -3 + 2 - 1 + 3*r. Let p(s) = s + 11. Let g be p(-7). List the prime factors of q(g).
2, 5
Suppose 3*j - 2*o - 24 = 0, 0 = -2*j - 2*j + 3*o + 33. Suppose 2*d + 4*k = 68, -j*d = -4*d + 5*k - 66. List the prime factors of d.
2, 19
Let p = 136 - 133. List the prime factors of (p/(54/978))/(2/6).
163
Let k(z) = z + 66. Let a be k(0). Suppose -3*y = 3*h - 81, 4*h - 206 + a = 4*y. What are the prime factors of h?
31
Let p(y) = 914*y**2 + 3*y - 2. What are the prime factors of p(1)?
3, 5, 61
Suppose 27*p - 1808 = 11*p. What are the prime factors of p?
113
Suppose 3*d + 3*q = 3492, d - 2*q - 1167 = -0*q. What are the prime factors of d?
5, 233
Let o be -3 + 30 - (1 - -1). Suppose -33 = 3*l + 2*a - 193, o = 5*a. What are the prime factors of 10/l + (-118)/(-10)?
2, 3
What are the prime factors of ((-62)/4)/((-4)/288)?
2, 3, 31
Let j = -2475 + 4220. What are the prime factors of j?
5, 349
Suppose 7*f - 1045 = 5*l + 583, 0 = 4*f - 5*l - 941. List the prime factors of f.
229
Let g(k) = -7*k + 22. Let a(c) = -14*c + 45. Let h(f) = -3*a(f) + 5*g(f). Let m be (-76)/(-6) - (-6)/(-9). What are the prime factors of h(m)?
59
Let x(j) = -j**3 + 2*j**2 + 16*j + 97. List the prime factors of x(-12).
17, 113
Suppose 0 = 3*v - 5*v - 86. Suppose 0*k = 2*k - 8, -4*u = -2*k - 284. Let x = v + u. What are the prime factors of x?
2, 3, 5
Let w = -367 + 975. List the prime factors of w.
2, 19
Let d = -29 - -69. Let l be (d/(-30))/((-4)/6). Let x(v) = 4*v + 3. List the prime factors of x(l).
11
Let f(p) = 9*p**3 + 11*p**2 + 9*p - 44. List the prime factors of f(5).
3, 467
Suppose -4*b = l + 3*l, 5*l - 3*b - 16 = 0. Suppose -r - 7 = -3*o - l*r, 0 = -4*o - 2*r + 10. Suppose 8 - 12 = -o*w. List the prime factors of w.
2
Let l(m) = -4*m + 8*m + 4*m - 4. Let y be l(5). What are the prime factors of (14 + 1)*48/y?
2, 5
Let r be 1*(-16 + (-7 - -3)). Suppose -5*n - 236 = 4244. What are the prime factors of n/r - (-1)/5?
3, 5
Let p(f) = f**2 + 7*f + 35. List the prime factors of p(15).
5, 73
Suppose 210 = i - 4*n, -3*n = -i - 0*n + 207. What are the prime factors of i?
2, 3, 11
List the prime factors of (878/4 - -2)*22/11.
443
Let u(q) be the third derivative of -1/6*q**3 - 10*q**2 + 1/12*q**4 + 17/30*q**6 + 0*q + 0 - 1/60*q**5. List the prime factors of u(1).
2, 17
Let r = 861 + 75. List the prime factors of r.
2, 3, 13
Let v = -209 + 303. Let s = -167 + v. Let d = -48 - s. What are the prime factors of d?
5
Let t be -2 + 3378/8 - (-1)/(-4). Suppose -26*q - t = -28*q. What are the prime factors of q?
2, 3, 5, 7
Let l be (2 - (0 + 32))/(9/(-12)). List the prime factors of (l/(-25))/(4/(-210)).
2, 3, 7
Let z be 0*(20/8 + -3). Suppose -4 = 4*d - z*d. What are the prime factors of d + (-6)/(-3) + 4?
5
Let o(d) = 22*d + 5. Let g(s) = -s**2 - 7*s + 7. Let p be g(-7). What are the prime factors of o(p)?
3, 53
Suppose -328 - 512 = -35*t. What are the prime factors of t?
2, 3
Suppose 0 = -f - 10 + 9. Let b(n) = -157*n + 1. What are the prime factors of b(f)?
2, 79
Suppose -4*s + 0*b - 3*b - 55 = 0, -5*s - 45 = -b. Let x(y) = 2*y**2 + 11*y - 21. What are the prime factors of x(s)?
3, 23
Let g(n) = -9*n - 7. Suppose 3*f = 3*w + 36, -2*w = -w + f + 6. Let q be g(w). Suppose -q - 24 = -2*p. What are the prime factors of p?
7
Suppose -4*a = -2*p - 0*a + 292, -158 = -p + 5*a. Suppose 9*k - 8*k = p. List the prime factors of k.
2, 3, 23
Let a = 130 - -3265. List the prime factors of a.
5, 7, 97
Let z(t) be the third derivative of t**7/210 - t**6/360 - t**4/4 - 3*t**2. Let b(u) be the second derivative of z(u). List the prime factors of b(2).
2, 11
What are the prime factors of (-150*1)/(33/(-44))?
2, 5
Suppose 8 = 2*l + 2, -2*l - 4730 = -2*p. List the prime factors of p.
2, 37
Suppose 14 = 8*y - 2. List the prime factors of 93 + 0 + (-4)/y.
7, 13
Let f = 104 + -102. Suppose -4*l + 176 = 2*w, -f*l = -0*l - w - 80. List the prime factors of l.
2, 3, 7
Let v = -2225 + 3929. What are the prime factors of v?
2, 3, 71
Let u(d) = 7*d**3 - 3*d**2 - 3*d + 2. Let m(f) = 8*f**3 - 4*f**2 - 4*f + 3. Let o(b) = 3*m(b) - 4*u(b). Let a be o(1). List the prime factors of 6/(-4)*10/a.
5
Suppose -12 = -5*n + 2*j - j, 5*j = -10. Let y(p) = 13*p**2 + p + 3. Let s be y(n). List the prime factors of 4/(-8)*4 + s.
5, 11
Suppose 11*n = 2*n + 1125. List the prime factors of n.
5
What are the prime factors of 2776748/1541 + (-4)/(-46)?
2, 17, 53
Let j(s) = -3*s**3 - 2*s**2 + 5*s + 4. Let h be j(-4). Suppose -19*d + h = -15*d. List the prime factors of d.
2, 3
Let z be ((-2)/6)/((-1)/6). Suppose -4*p - 156 = -2*m, -93 = -m - z*p - 15. List the prime factors of m.
2, 3, 13
Let d(i) be the second derivative of -i**5/5 - i**4/6 + i**2 + 8*i. Let n be d(2). Let k = n + 69. List the prime factors of k.
31
Let m = -159 + 320. What are the prime factors of m?
7, 23
Let m = 114 + -21. Let t = -27 + m. List the prime factors of t.
2, 3, 11
Let t = -105 - -470. What are the prime factors of t?
5, 73
Let z(m) = m - 4. Let y be z(0). List the prime factors of (-2)/(-8) - 419/y.
3, 5, 7
Let y = 23 + -17. Suppose 0 = -y*c + 341 + 91. List the prime factors of c.
2, 3
Let u(m) = 3*m + 66. List the prime factors of u(-17).
3, 5
Suppose 26*p - 92 = 90. List the prime factors of p.
7
List the prime factors of 165204/624 - 11/4.
2, 131
Let q(r) be the second derivative of -r**5/20 - 5*r**4/12 + 7*r**3/6 + 5*r**2/2 - 2*r. Let d be q(-6). Let i = d + 15. List the prime factors of i.
2, 7
Let n be 0/(-3) - -4 - 36. Suppose -x - 3*x + 252 = 0. Let t = x + n